te?
False
Is 20530889 a composite number?
False
Is 98273221 a prime number?
False
Is 3340039 a prime number?
True
Is 17312866 composite?
True
Is 344974657 a prime number?
True
Is 177449929 a composite number?
True
Is 2530091 composite?
False
Is 334849 prime?
False
Is 14084573 a prime number?
True
Is 299051717 prime?
True
Is 130408199 a prime number?
False
Is 171672839 a composite number?
True
Is 794639 a composite number?
True
Is 26940701 a composite number?
False
Is 1741043 a prime number?
False
Is 13004951 prime?
False
Is 165306391 composite?
False
Is 3260339 a prime number?
True
Is 31396609 a composite number?
True
Is 196777459 a composite number?
True
Is 5505509 a composite number?
True
Is 136360981 a prime number?
True
Is 372200579 a composite number?
True
Is 590554609 a prime number?
True
Is 1017461 composite?
True
Is 1189271 prime?
True
Is 1230949 composite?
False
Is 363205781 a composite number?
False
Is 44307129 a composite number?
True
Is 37425919 a composite number?
True
Is 5245131 a composite number?
True
Is 9144458 a composite number?
True
Is 1734167 a prime number?
True
Is 2655559 prime?
False
Is 4255739 a composite number?
False
Is 34132321 prime?
True
Is 16086137 a prime number?
True
Is 881618539 a prime number?
True
Is 4529545 a prime number?
False
Is 939353 composite?
True
Is 14489689 prime?
False
Is 125517671 a prime number?
True
Is 69653 a composite number?
False
Is 13820889 a prime number?
False
Is 20662987 prime?
False
Is 2414849 a composite number?
False
Is 112065799 composite?
True
Is 228695743 prime?
True
Is 3536149 prime?
False
Is 1747535 prime?
False
Is 5905483 a composite number?
False
Is 51692323 composite?
False
Is 3974029 a prime number?
False
Is 5938006 a composite number?
True
Is 5269223 prime?
False
Is 11019073 composite?
True
Is 90583351 a prime number?
False
Is 158384041 prime?
False
Is 7707367 prime?
False
Is 32277073 a composite number?
True
Is 313927 a prime number?
False
Is 176702411 a prime number?
True
Is 95559097 a prime number?
True
Is 1653167 prime?
True
Is 338749 prime?
False
Is 293983 a prime number?
True
Is 231801023 a composite number?
False
Is 1021703 a prime number?
False
Is 1161276631 a composite number?
False
Is 3252163 a composite number?
False
Is 40757063 composite?
False
Is 45746059 composite?
True
Is 264756209 prime?
True
Is 4523306 a prime number?
False
Is 21974698 a prime number?
False
Is 49213789 prime?
True
Is 435779 prime?
True
Is 50102063 prime?
False
Is 8702731 a composite number?
False
Is 23394961 a composite number?
True
Is 83078 prime?
False
Is 5499581 composite?
False
Is 14658451 a prime number?
False
Is 379765751 a composite number?
False
Is 1032425687 composite?
False
Is 408607 a composite number?
False
Is 2525527 composite?
True
Is 53231051 prime?
True
Is 1157159 prime?
True
Is 30237697 composite?
True
Is 17557207 prime?
True
Is 11277991 composite?
True
Is 50466607 prime?
True
Is 448243 a prime number?
False
Is 14840699 a composite number?
False
Is 4565919 a prime number?
False
Is 48017755 prime?
False
Is 38966879 a prime number?
False
Is 5447719 a composite number?
False
Is 630017 prime?
True
Is 2561317 composite?
True
Is 132400451 a composite number?
False
Is 3444877 composite?
False
Is 114503 prime?
False
Is 1930037 a composite number?
True
Is 281914903 composite?
False
Is 5181589 a composite number?
True
Is 6904003 composite?
True
Is 15318493 a prime number?
False
Is 5755517 composite?
False
Is 22685869 a prime number?
False
Is 19279583 a prime number?
True
Is 21544727 composite?
True
Is 5087123 a prime number?
False
Is 5866531 prime?
False
Is 2085569 a composite number?
False
Is 15366993 a prime number?
False
Is 476101 prime?
True
Is 4156505 a prime number?
False
Is 1248631 prime?
True
Is 881357 a prime number?
True
Is 28572347 composite?
False
Is 295975387 composite?
False
Is 2180411 a prime number?
False
Is 209196697 composite?
False
Is 9473315 prime?
False
Is 5212967 prime?
False
Is 109575209 a prime number?
True
Is 3240493 prime?
False
Is 425122889 composite?
False
Is 15173429 prime?
True
Is 65215769 a prime number?
True
Is 1042392511 a prime number?
False
Is 74116811 a composite number?
False
Is 300299 a prime number?
True
Is 15242917 prime?
False
Is 149495083 a composite number?
False
Is 283763 composite?
False
Is 25714643 a composite number?
False
Is 1777661 a composite number?
False
Is 118588786 prime?
False
Is 301672031 a prime number?
True
Is 814501565 a composite number?
True
Is 16673149 a prime number?
True
Is 50469989 a prime number?
True
Is 12588863 a composite number?
True
Is 4608571 a composite number?
True
Is 571303 a prime number?
True
Is 362028823 composite?
True
Is 55211909 composite?
False
Is 39898141 a composite number?
True
Is 11437927 a prime number?
False
Is 243379 a prime number?
False
Is 64747 composite?
False
Is 486797 composite?
False
Is 7572011 a prime number?
False
Is 44804321 prime?
True
Is 61263607 prime?
False
Is 387197 a composite number?
False
Is 12047753 composite?
False
Is 21124869 a prime number?
False
Is 45380915 composite?
True
Is 385577723 prime?
True
Is 282842123 a prime number?
True
Is 8252017 a prime number?
True
Is 187631 a prime number?
True
Is 2078521 prime?
False
Is 78832703 prime?
True
Is 16832045 prime?
False
Is 2906663 a composite number?
False
Is 6530261 a composite number?
True
Is 50859451 a composite number?
False
Is 2018239 a composite number?
True
Is 6891713 a composite number?
False
Is 324715733 prime?
True
Is 104896453 prime?
True
Is 2007323 a composite number?
True
Is 3934663 composite?
True
Is 63681113 a composite number?
True
Is 3777693 prime?
False
Is 515604359 a composite number?
False
Is 14508553 prime?
False
Is 5046357 composite?
True
Is 157103 prime?
True
Is 8759263 prime?
False
Is 10254071 prime?
True
Is 10856453 composite?
False
Is 3952451 a prime number?
False
Is 65233547 a prime number?
True
Is 18192553 composite?
False
Is 6695971 a composite number?
True
Is 416483 a composite number?
True
Is 980069 a composite number?
False
Is 29620879 prime?
True
Is 1161249 prime?
False
Is 5557873 a prime number?
True
Is 48768167 a prime number?
False
Is 2933845 composite?
True
Is 537002155 a prime number?
False
Is 14759513 a prime number?
True
Is 188677327 a composite number?
False
Is 15525077 composite?
True
Is 173567 prime?
False
Is 52780261 a composite number?
True
Is 2341601 composite?
False
Is 526518319 prime?
False
Is 53867659 prime?
True
Is 15722335 composite?
True
Is 1673897 prime?
True
Is 942119 a composite number?
True
Is 1083682217 a composite number?
False
Is 1287623 a prime number?
True
Is 28116911 prime?
False
Is 23231993 a composite number?
False
Is 10045879 prime?
False
Is 81468863 a prime number?
False
Is 166162727 a composite number?
False
Is 40724807 a composite number?
True
Is 216895157 a prime number?
True
Is 93338561 a prime number?
False
Is 4411042 composite?
True
Is 145306195 composite?
True
Is 152931329 composite?
False
Is 13710173 prime?
True
Is 1242434 prime?
False
Is 201839959 a prime number?
True
Is 281719751 prime?
False
Is 8085554 a prime number?
False
Is 100593041 prime?
True
Is 793297 prime?
True
Is 57010553 prime?
True
Is 3197353 composite?
False
Is 9058027 a composite number?
True
Is 9813803 composite?
True
Is 47393273 a prime number?
False
Is 62990437 prime?
True
Is 472249619 prime?
True
Is 1057523 composite?
True
Is 82037483 composite?
True
Is 1845035 prime?
False
Is 178107 prime?
False
Is 7134794 prime?
False
Is 591113 a prime number?
True
Is 355555061 a prime number?
True
Is 8881253 composite?
True
Is 451544241 a prime number?
False
Is 302929 prime?
False
Is 2997767 a composite number?
False
Is 3118847 composite?
False
Is 41186503 a composite number?
True
Is 1110289 a prime number?
True
Is 1244676241 composite?
False
Is 22343 a composite number?
False
Is 107047609 composite?
True
Is 111512959 a prime number?
True
Is 61642657 a composite number?
True
Is 6321253 a prime number?
True
Is 14324071 a composite number?
False
Is 15392519 composite?
False
Is 3070169 a prime number?
True
Is 30532091 a prime number?
True
Is 21388867 composite?
False
Is 13327739 a composite number?
False
Is 132283859 a composite number?
True
Is 194176705 composite?
True
Is 78749261 a prime number?
